3 - s**2 + 2. What is the remainder when c(-2) is divided by t?
2
Let q = -3684 - -4699. Calculate the remainder when q is divided by 49.
35
Let q(j) = -j**3 + 3*j**2 - 14*j - 8. Let p be q(-6). Suppose u = 5*u - 3*o - p, 408 = 4*u - o. What is the remainder when u is divided by 15?
13
Let n(v) = 3*v**2 + 56*v - 53. Calculate the remainder when 991 is divided by n(-22).
156
Let f = 359 - 187. Suppose -36*m + 40*m = f. Calculate the remainder when 82 is divided by m.
39
Let h be (66/(-4))/(138/(-1656)). Suppose 3*w + c = -35, 0*w - 3*w - 29 = -2*c. Calculate the remainder when w*4*h/(-88) is divided by 10.
9
Suppose -21*l + 17*l = -2280. Suppose 6*z - l = -9*z. What is the remainder when 89 is divided by z?
13
Suppose -5391 = -25*o - 1766. Suppose -3*s + 2*l + o = -0*l, -s + l = -50. What is the remainder when 308 is divided by s?
38
Let s = -5 - -5. Suppose s + 88 = 4*b. Calculate the remainder when 11*4 + ((-70)/(-84))/((-1)/6) is divided by b.
17
Let b be (-294)/(-4)*(-4)/(-6). Let t = 69 - b. Let a(d) = 3*d + 3. What is the remainder when a(17) is divided by t?
14
Let z = 12394 - 10229. What is the remainder when z is divided by 62?
57
Suppose 4*n - 6 = 82. Suppose 0 = n*d - 56*d + 1292. Suppose 4*l - 379 - 209 = 0. Calculate the remainder when l is divided by d.
33
Suppose -5*u + u + 144 = 0. Let a = 254548 + -254480. What is the remainder when a is divided by u?
32
Suppose -3*l - 3 = -0*l. Suppose -18*u - 1978 = -2896. What is the remainder when u is divided by 16 - 5 - l*3?
9
Let r = 2 + 259. Let c be 0 - (-2)/(-4) - r/(-58). Suppose 4*y = c*v + 32 + 208, 0 = -4*y - v + 250. Calculate the remainder when y is divided by 16.
14
Let d = 158 - 234. Suppose -60 = 4*x + 124. Let h = x - d. What is the remainder when h is divided by 8?
6
Let m = -6009 - -7533. Calculate the remainder when m is divided by 28.
12
Let v be (-49)/(-6) - 2/12. What is the remainder when 427/11 - (774/99 - v) is divided by 12?
3
Suppose 23*m - 59296 = 42203. Calculate the remainder when m is divided by 69.
66
Suppose -36*t = -149*t - 0*t + 7684. What is the remainder when 1422 is divided by t?
62
Suppose 293 = 8*f - 235. What is the remainder when 405 is divided by f?
9
Let f = -224 + 212. Calculate the remainder when (-1042)/(-5) - f/20 is divided by 36.
29
Suppose 5*a - 8064 = 26*a. Calculate the remainder when (-1)/(4/a) - -2 is divided by 20.
18
Let t(b) be the second derivative of b**4/12 + 5*b**3/3 - 11*b**2/2 + 75*b. What is the remainder when 49 is divided by t(-12)?
10
Let x(r) = r**2 + r - 10. Let d be x(-5). Suppose -4*m = 2*l - 36, 3*l = 5*m - d - 46. What is the remainder when (m/(-15))/((-2)/3) + 29 is divided by 16?
14
Let f(o) = -32*o + 1070. What is the remainder when f(-4) is divided by 312?
262
Suppose -8*t + 4371 = 19. Calculate the remainder when t is divided by (-1)/(4 - 53/13).
11
Suppose 0 = 3*n, 5*o + 3*n = -n + 10. Let q = -2420 - -2567. Suppose 3*m = 5*h - 186, 4*h - q = m + o*m. Calculate the remainder when h is divided by 10.
9
Let h(d) = 10 + 32*d - 18*d**2 + 4*d**2 - d**3 + 1 + 6. What is the remainder when 355 is divided by h(-16)?
15
Let x(u) = -6*u + 266. Let a be x(33). Suppose 4*d + a = 4*s, -d = 5*s - 9*s + 68. What is the remainder when 366 is divided by s?
9
Suppose -4*m + 12 = 0, -4*s = 2*m + m - 209. Suppose -4 = -49*c + s*c. What is the remainder when 25 is divided by (c/3)/2*-21?
11
Let j(c) = -6*c**3 + 77*c**2 - 58*c + 35. Calculate the remainder when 91 is divided by j(12).
32
Suppose -5*o - 4*p + 3073 = 0, -713 = -13*o + 5*p + 7400. Calculate the remainder when o is divided by 182.
75
Suppose -q = 7 - 4. Let z = q + 5. Let r(w) = 2*w**2 + 41*w + 226. Calculate the remainder when r(-11) is divided by z.
1
Let c(a) = -129*a**2 + 70*a**2 + a + 61*a**2 + 34. Calculate the remainder when 124 is divided by c(0).
22
Suppose -20 = 13*r - 15*r + 4*j, 0 = -3*r - 4*j + 70. Calculate the remainder when 39 is divided by r.
3
Let m be (-117)/26 + 10/(-4). Calculate the remainder when (4 - -1) + 1*(m + 420) is divided by 35.
33
What is the remainder when 4375 is divided by (-3)/(-7*(-42)/(-2156))?
19
Let x = 1945 + -1880. Suppose -13*i = -22*i + 153. Calculate the remainder when x is divided by i.
14
Suppose -108*h + 344 = -196. Let g = -47 + 79. What is the remainder when g is divided by h?
2
Let t be -1 + -3 + -57 + 213. Suppose k - 226 = -q, 0 = -4*q - 3*k - t + 1061. Calculate the remainder when q is divided by 55.
11
Suppose -320*d + 23372 + 10842 = 2854. Calculate the remainder when 988 is divided by d.
8
Suppose -32*d - 44*d = 81*d - 75831. What is the remainder when d is divided by 54?
51
Let f(k) = -4*k + 28. Let m be f(-20). Let o = -91 + m. Let s = o + 55. What is the remainder when s is divided by 25?
22
Suppose g + 2*g = 15. Suppose 21*h - g = 20*h. Suppose -46 = -h*a + 3*a. Calculate the remainder when a is divided by 7.
2
Let d be 4 - (-2 + (-10)/(-5)). Suppose 4*w + 2*b - 288 = 0, 3*w - d*b = 43 + 184. What is the remainder when w is divided by 25?
23
Suppose 2*x + 654 = 2*q, 2*q + 5*x - 1041 = -345. Calculate the remainder when 11987 is divided by q.
332
Let b = -3258 - -3580. Calculate the remainder when b is divided by 81.
79
Suppose 0 = -5*d + 3*l + 340, -205*l + 208*l + 56 = d. What is the remainder when 258 is divided by d?
45
Suppose 332 - 57 = -62*k + 67*k. Calculate the remainder when 174 is divided by k.
9
Suppose -2920 = -4*d - 2*l, 2*l - 324 = -d + 412. Calculate the remainder when d is divided by 19.
6
What is the remainder when (162180/(-12720))/(2/(-16)) is divided by ((-6)/(-9))/(2/96)?
6
Suppose 1118 = -3*k + 1880. Suppose -2*x - 8*i = -12*i - k, -3*x - 4*i = -331. Suppose 0 = o - 11 - 6. Calculate the remainder when x is divided by o.
15
What is the remainder when 1410 is divided by 305*((-392)/(-360) - 14/(-126))?
312
Let v = 9500 - 7434. What is the remainder when v is divided by 32?
18
Let f = -3753 + 3856. What is the remainder when 9061 is divided by f?
100
Let u = 169 - 528. Let o = -348 - u. What is the remainder when 97 is divided by o?
9
What is the remainder when 170 is divided by 50*(-6 - (3 + 92/(-8)))?
45
Let m(o) = 29*o**3 + 13*o**2 + 34 - 30*o**3 + 28 - 13*o - 1 + 10. What is the remainder when m(12) is divided by 5?
4
Let n be 2/6 + (-131)/(-3). Let t be (-28)/(-6) + 6/(-9). Suppose t = 4*y - n. What is the remainder when 27 is divided by y?
3
Let r = -3731 - -3826. Calculate the remainder when r is divided by 28.
11
Suppose b - 10 = -0*b. Let w(l) = l - 40. Let y be w(b). Let t = y - -35. Calculate the remainder when 11 is divided by t.
1
Suppose p - p - 2*p = -2324. What is the remainder when p is divided by 45?
37
Suppose -661 = 5*h + 239. Let o = h + 217. Calculate the remainder when o is divided by 21.
16
Let l be 162/(-108) - (-3)/2. Suppose -r = -4*g + 409, l = -2*g + 6*r - r + 191. What is the remainder when g is divided by 37?
29
Let b(g) = 46*g - 3832. What is the remainder when 298 is divided by b(85)?
64
Let t = -160564 - -160717. Let h(l) = l**3 - l. Let s be h(-1). What is the remainder when t is divided by (39 - s) + -1 + 1?
36
Suppose -26 = 6*p + 7*p. Let f be (-71 - -3)*1/(1/p). Suppose -8*o + f = -0*o. What is the remainder when 82 is divided by o?
14
Suppose -s + 313 = 3*b + s, -4*b = -2*s - 422. Let y = -104 + b. What is the remainder when 146 is divided by (y + 6/1)*3?
20
Let u be (-49)/(-14) - 5/(-10). Suppose 0 = -u*f - 5*c + 575, 5*f + 5*c - 753 = -28. What is the remainder when f is divided by 28?
10
Suppose 2675 + 6103 = 5*n - 2*z, 7029 = 4*n + 5*z. What is the remainder when n is divided by 22?
18
Let j(i) = 633*i**2 - 2. Suppose 2*t - 10 = 0, 1 = -2*n - 3*t + 174. What is the remainder when j(-1) is divided by n?
78
Suppose 6*k + 113 = -61. Let o = k + 62. Suppose -4*s + s + o = 0. Calculate the remainder when 29 is divided by s.
7
Let j(g) = -g**2 + 42*g - 289. Calculate the remainder when j(31) is divided by (2/(-4) + 1)/(1/40).
12
Let b be (-28)/((-6 + 4)*1). Let t = b - -34. Calculate the remainder when t is divided by (0 - 1)/(1/(-25)).
23
Let t(f) = 2*f**3 + f**2. Let c be t(2). Suppose 5*l - 20 = c. Suppose -181 = -4*d + 5*j - 106, 0 = -3*j + 15. What is the remainder when d is divided by l?
1
Let h = 3284 - 3238. Calculate the remainder when h is 